{"id":6057,"date":"2024-09-06T10:19:31","date_gmt":"2024-09-06T10:19:31","guid":{"rendered":"https:\/\/ramib.org\/oficial\/?post_type=tribe_events&#038;p=6057"},"modified":"2024-09-06T10:22:41","modified_gmt":"2024-09-06T10:22:41","slug":"16-09-2024-conferencia-mes-enlla-de-la-competencia-transparencia-e-innovacio-reptes-del-sector-farmaceutic-per-sistemes-de-salut-sota-pressio-i-canvi","status":"publish","type":"tribe_events","link":"https:\/\/ramib.org\/oficial\/index.php\/event\/16-09-2024-conferencia-mes-enlla-de-la-competencia-transparencia-e-innovacio-reptes-del-sector-farmaceutic-per-sistemes-de-salut-sota-pressio-i-canvi\/","title":{"rendered":"16\/09\/2024: Confer\u00e8ncia \u201cM\u00e9s enll\u00e0 de la compet\u00e8ncia, transpar\u00e8ncia e innovaci\u00f3: Reptes del sector farmac\u00e8utic per sistemes de salut sota pressi\u00f3 i canvi\u201d"},"content":{"rendered":"<p>El proper 16 de setembre de 2024 a les 20:00 h. tindr\u00e0 lloc a la seu de la RAMIB la confer\u00e8ncia oberta \u201cM\u00e9s enll\u00e0 de la compet\u00e8ncia, transpar\u00e8ncia e innovaci\u00f3: Reptes del sector farmac\u00e8utic per sistemes de salut sota pressi\u00f3 i canvi\u201d.<\/p>\n","protected":false},"excerpt":{"rendered":"<p>El proper 16 de setembre de 2024 a les 20:00 h. tindr\u00e0 lloc a la seu de la RAMIB la confer\u00e8ncia oberta \u201cM\u00e9s enll\u00e0 de la compet\u00e8ncia, transpar\u00e8ncia e innovaci\u00f3: [&hellip;]<\/p>\n","protected":false},"author":3,"featured_media":0,"comment_status":"open","ping_status":"closed","template":"","meta":{"_monsterinsights_skip_tracking":false,"_monsterinsights_sitenote_active":false,"_monsterinsights_sitenote_note":"","_monsterinsights_sitenote_category":0,"_tribe_events_status":"","_tribe_events_status_reason":""},"tags":[],"tribe_events_cat":[],"_links":{"self":[{"href":"https:\/\/ramib.org\/oficial\/index.php\/wp-json\/wp\/v2\/tribe_events\/6057"}],"collection":[{"href":"https:\/\/ramib.org\/oficial\/index.php\/wp-json\/wp\/v2\/tribe_events"}],"about":[{"href":"https:\/\/ramib.org\/oficial\/index.php\/wp-json\/wp\/v2\/types\/tribe_events"}],"author":[{"embeddable":true,"href":"https:\/\/ramib.org\/oficial\/index.php\/wp-json\/wp\/v2\/users\/3"}],"replies":[{"embeddable":true,"href":"https:\/\/ramib.org\/oficial\/index.php\/wp-json\/wp\/v2\/comments?post=6057"}],"version-history":[{"count":1,"href":"https:\/\/ramib.org\/oficial\/index.php\/wp-json\/wp\/v2\/tribe_events\/6057\/revisions"}],"predecessor-version":[{"id":6058,"href":"https:\/\/ramib.org\/oficial\/index.php\/wp-json\/wp\/v2\/tribe_events\/6057\/revisions\/6058"}],"wp:attachment":[{"href":"https:\/\/ramib.org\/oficial\/index.php\/wp-json\/wp\/v2\/media?parent=6057"}],"wp:term":[{"taxonomy":"post_tag","embeddable":true,"href":"https:\/\/ramib.org\/oficial\/index.php\/wp-json\/wp\/v2\/tags?post=6057"},{"taxonomy":"tribe_events_cat","embeddable":true,"href":"https:\/\/ramib.org\/oficial\/index.php\/wp-json\/wp\/v2\/tribe_events_cat?post=6057"}],"curies":[{"name":"wp","href":"https:\/\/api.w.org\/{rel}","templated":true}]}}

16/09/2024: Conferència “Més enllà de la competència, transparència e innovació: Reptes del sector farmacèutic per sistemes de salut sota pressió i canvi”

<p>El proper 16 de setembre de 2024 a les 20:00 h. tindrà lloc a la seu de la RAMIB la conferència oberta “Més enllà de la competència, transparència e innovació: Reptes del sector farmacèutic per sistemes de salut sota pressió i canvi”.</p>

<p>El proper 16 de setembre de 2024 a les 20:00 h. tindrà lloc a la seu de la RAMIB la conferència oberta “Més enllà de la competència, transparència e innovació: [&hellip;]</p>
