{"id":6050,"date":"2024-09-06T10:15:03","date_gmt":"2024-09-06T10:15:03","guid":{"rendered":"https:\/\/ramib.org\/oficial\/?post_type=tribe_events&#038;p=6050"},"modified":"2024-09-06T10:16:54","modified_gmt":"2024-09-06T10:16:54","slug":"16-09-2024-conferencia-mes-enlla-de-la-competencia-transparencia-e-innovacio-reptes-del-sector-farmaceutic-per-sistemes-de-salut-sota-pressio-i-canvi","status":"publish","type":"tribe_events","link":"https:\/\/ramib.org\/oficial\/index.php\/event\/16-09-2024-conferencia-mes-enlla-de-la-competencia-transparencia-e-innovacio-reptes-del-sector-farmaceutic-per-sistemes-de-salut-sota-pressio-i-canvi\/?lang=es","title":{"rendered":"16\/09\/2024: Conferencia &#8220;M\u00e1s all\u00e1 de la competencia, transparencia e innovaci\u00f3n: Retos del sector farmac\u00e9utico para sistemas de salud bajo presi\u00f3n y cambio&#8221;."},"content":{"rendered":"<p>El pr\u00f3ximo 16 de septiembre de 2024 a las 20:00 h. tendr\u00e1 lugar en la sede de la RAMIB la conferencia abierta &#8220;M\u00e1s all\u00e1 de la competencia, transparencia e innovaci\u00f3n: Retos del sector farmac\u00e9utico para sistemas de salud bajo presi\u00f3n y cambio&#8221;.<\/p>\n","protected":false},"excerpt":{"rendered":"<p>El pr\u00f3ximo 16 de septiembre de 2024 a las 20:00 h. tendr\u00e1 lugar en la sede de la RAMIB la conferencia abierta &#8220;M\u00e1s all\u00e1 de la competencia, transparencia e innovaci\u00f3n: [&hellip;]<\/p>\n","protected":false},"author":3,"featured_media":0,"comment_status":"open","ping_status":"closed","template":"","meta":{"_monsterinsights_skip_tracking":false,"_monsterinsights_sitenote_active":false,"_monsterinsights_sitenote_note":"","_monsterinsights_sitenote_category":0,"_tribe_events_status":"","_tribe_events_status_reason":""},"tags":[],"tribe_events_cat":[],"_links":{"self":[{"href":"https:\/\/ramib.org\/oficial\/index.php\/wp-json\/wp\/v2\/tribe_events\/6050"}],"collection":[{"href":"https:\/\/ramib.org\/oficial\/index.php\/wp-json\/wp\/v2\/tribe_events"}],"about":[{"href":"https:\/\/ramib.org\/oficial\/index.php\/wp-json\/wp\/v2\/types\/tribe_events"}],"author":[{"embeddable":true,"href":"https:\/\/ramib.org\/oficial\/index.php\/wp-json\/wp\/v2\/users\/3"}],"replies":[{"embeddable":true,"href":"https:\/\/ramib.org\/oficial\/index.php\/wp-json\/wp\/v2\/comments?post=6050"}],"version-history":[{"count":3,"href":"https:\/\/ramib.org\/oficial\/index.php\/wp-json\/wp\/v2\/tribe_events\/6050\/revisions"}],"predecessor-version":[{"id":6056,"href":"https:\/\/ramib.org\/oficial\/index.php\/wp-json\/wp\/v2\/tribe_events\/6050\/revisions\/6056"}],"wp:attachment":[{"href":"https:\/\/ramib.org\/oficial\/index.php\/wp-json\/wp\/v2\/media?parent=6050"}],"wp:term":[{"taxonomy":"post_tag","embeddable":true,"href":"https:\/\/ramib.org\/oficial\/index.php\/wp-json\/wp\/v2\/tags?post=6050"},{"taxonomy":"tribe_events_cat","embeddable":true,"href":"https:\/\/ramib.org\/oficial\/index.php\/wp-json\/wp\/v2\/tribe_events_cat?post=6050"}],"curies":[{"name":"wp","href":"https:\/\/api.w.org\/{rel}","templated":true}]}}

16/09/2024: Conferencia &#8220;Más allá de la competencia, transparencia e innovación: Retos del sector farmacéutico para sistemas de salud bajo presión y cambio&#8221;.

<p>El próximo 16 de septiembre de 2024 a las 20:00 h. tendrá lugar en la sede de la RAMIB la conferencia abierta &#8220;Más allá de la competencia, transparencia e innovación: Retos del sector farmacéutico para sistemas de salud bajo presión y cambio&#8221;.</p>

<p>El próximo 16 de septiembre de 2024 a las 20:00 h. tendrá lugar en la sede de la RAMIB la conferencia abierta &#8220;Más allá de la competencia, transparencia e innovación: [&hellip;]</p>
