{"id":5809,"date":"2024-04-12T13:02:11","date_gmt":"2024-04-12T13:02:11","guid":{"rendered":"https:\/\/ramib.org\/oficial\/?post_type=tribe_events&#038;p=5809"},"modified":"2024-04-12T13:02:29","modified_gmt":"2024-04-12T13:02:29","slug":"mirades-que-ens-miren-en-record-del-doctor-josep-tomas-monserrat","status":"publish","type":"tribe_events","link":"https:\/\/ramib.org\/oficial\/index.php\/event\/mirades-que-ens-miren-en-record-del-doctor-josep-tomas-monserrat\/","title":{"rendered":"Mirades que ens miren. En record del doctor Josep Tom\u00e0s Monserrat"},"content":{"rendered":"<p>Intervindr\u00e1n a l&#8217;acte<\/p>\n<p>Dr. Alfonso Ballesteros Fern\u00e1ndez<\/p>\n<p>Acad\u00e8mic numerari de la Reial Acad\u00e8mia de Medicina de les Illes Balears<br \/>\nPresident de la Reial Acad\u00e8mia de Medicina de les Illes Balears (2002-2010)<\/p>\n<p>Dr. Antoni Bennasar Arb\u00f3s<\/p>\n<p>President del Consell Social de l\u2019Universitat de les Illes Balears<br \/>\nPresident del Col\u00b7legi Oficial de Metges de les Illes Balears (2010-2018)<\/p>\n<p>Dr. Gabriel Janer Manila<\/p>\n<p>Catedr\u00e0tic em\u00e8rit de la Universitat de les Illes Balears i escriptor<\/p>\n<p>Clour\u00e0 l\u2019acte<\/p>\n<p>Dra. Manuela Garc\u00eda Romero<br \/>\nConsellera de Salut del Govern de les Illes Balears<\/p>\n<p>L\u2019acte tindr\u00e0 lloc el proper dijous 18 d\u2019abril de 2024 a les 19:00 hores,<br \/>\na la seu de la Reial Acad\u00e8mia de Medicina, carrer Can Campaner 4, de Palma.<br \/>\nPer raons d\u2019aforament, s\u2019ha de confirmar assist\u00e8ncia al correu: inforamib@gmail.com<\/p>\n","protected":false},"excerpt":{"rendered":"<p>Intervindr\u00e1n a l&#8217;acte Dr. Alfonso Ballesteros Fern\u00e1ndez Acad\u00e8mic numerari de la Reial Acad\u00e8mia de Medicina de les Illes Balears President de la Reial Acad\u00e8mia de Medicina de les Illes Balears [&hellip;]<\/p>\n","protected":false},"author":3,"featured_media":0,"comment_status":"open","ping_status":"closed","template":"","meta":{"_monsterinsights_skip_tracking":false,"_monsterinsights_sitenote_active":false,"_monsterinsights_sitenote_note":"","_monsterinsights_sitenote_category":0,"_tribe_events_status":"","_tribe_events_status_reason":""},"tags":[],"tribe_events_cat":[],"_links":{"self":[{"href":"https:\/\/ramib.org\/oficial\/index.php\/wp-json\/wp\/v2\/tribe_events\/5809"}],"collection":[{"href":"https:\/\/ramib.org\/oficial\/index.php\/wp-json\/wp\/v2\/tribe_events"}],"about":[{"href":"https:\/\/ramib.org\/oficial\/index.php\/wp-json\/wp\/v2\/types\/tribe_events"}],"author":[{"embeddable":true,"href":"https:\/\/ramib.org\/oficial\/index.php\/wp-json\/wp\/v2\/users\/3"}],"replies":[{"embeddable":true,"href":"https:\/\/ramib.org\/oficial\/index.php\/wp-json\/wp\/v2\/comments?post=5809"}],"version-history":[{"count":2,"href":"https:\/\/ramib.org\/oficial\/index.php\/wp-json\/wp\/v2\/tribe_events\/5809\/revisions"}],"predecessor-version":[{"id":5811,"href":"https:\/\/ramib.org\/oficial\/index.php\/wp-json\/wp\/v2\/tribe_events\/5809\/revisions\/5811"}],"wp:attachment":[{"href":"https:\/\/ramib.org\/oficial\/index.php\/wp-json\/wp\/v2\/media?parent=5809"}],"wp:term":[{"taxonomy":"post_tag","embeddable":true,"href":"https:\/\/ramib.org\/oficial\/index.php\/wp-json\/wp\/v2\/tags?post=5809"},{"taxonomy":"tribe_events_cat","embeddable":true,"href":"https:\/\/ramib.org\/oficial\/index.php\/wp-json\/wp\/v2\/tribe_events_cat?post=5809"}],"curies":[{"name":"wp","href":"https:\/\/api.w.org\/{rel}","templated":true}]}}

Mirades que ens miren. En record del doctor Josep Tomàs Monserrat

<p>Intervindrán a l&#8217;acte</p>
<p>Dr. Alfonso Ballesteros Fernández</p>
<p>Acadèmic numerari de la Reial Acadèmia de Medicina de les Illes Balears<br />
President de la Reial Acadèmia de Medicina de les Illes Balears (2002-2010)</p>
<p>Dr. Antoni Bennasar Arbós</p>
<p>President del Consell Social de l’Universitat de les Illes Balears<br />
President del Col·legi Oficial de Metges de les Illes Balears (2010-2018)</p>
<p>Dr. Gabriel Janer Manila</p>
<p>Catedràtic emèrit de la Universitat de les Illes Balears i escriptor</p>
<p>Clourà l’acte</p>
<p>Dra. Manuela García Romero<br />
Consellera de Salut del Govern de les Illes Balears</p>
<p>L’acte tindrà lloc el proper dijous 18 d’abril de 2024 a les 19:00 hores,<br />
a la seu de la Reial Acadèmia de Medicina, carrer Can Campaner 4, de Palma.<br />
Per raons d’aforament, s’ha de confirmar assistència al correu: inforamib@gmail.com</p>

<p>Intervindrán a l&#8217;acte Dr. Alfonso Ballesteros Fernández Acadèmic numerari de la Reial Acadèmia de Medicina de les Illes Balears President de la Reial Acadèmia de Medicina de les Illes Balears [&hellip;]</p>
